2 - 809. What are the prime factors of a?
3, 17, 53
Suppose 3*p = -4*w + 861, -5*w + w = 12. Let c = 486 - p. Let y = -117 + c. List the prime factors of y.
2, 3, 13
Let z(q) = 101*q - 74. Let j be z(-9). Let p = j - -625. Let i = p + 642. What are the prime factors of i?
2, 71
Let r(d) = d**3 + 7*d**2 + 5*d + 5. Let s be r(-6). Suppose 4*m - f = 1405, 6*m + 1769 = s*m + 3*f. What are the prime factors of m?
2, 11
Suppose 2*c - 6 = -6*t + 7*t, -2*c - t + 6 = 0. Suppose 2*v = -2*v + 1320. Suppose -2*h - v = -4*l + 3*h, -c*l = -5*h - 245. What are the prime factors of l?
5, 17
Let m = -3376 + 4945. List the prime factors of m.
3, 523
Let r be 43 - (9 + 1 + -9). Suppose 0 = 5*x, 4*x + 68 = q - 5*q. Let p = r + q. List the prime factors of p.
5
Suppose -5*y + 3*y = 14. Let x(z) = z**3 + 7*z**2 + 2*z + 16. Let v be x(y). Suppose -v*d - 2*o + 45 = -d, 5 = -5*o. What are the prime factors of d?
47
List the prime factors of (6/(-8))/((-9)/(-617580)*-5*1).
3, 47, 73
Let x = -80 + 74. Let i = x + 134. Suppose 0 = m + m - i. List the prime factors of m.
2
Let y(f) = -5*f + 3*f**2 - f**2 + 0*f - 3. Suppose 20*w + 5*x = 19*w - 19, 3*x = -2*w - 17. What are the prime factors of y(w)?
7
Let d = -231 + 338. Let l = 101 - d. What are the prime factors of 86 + (2/l - 2/3)?
5, 17
Let r(l) = 1375*l**2 + 4*l + 4. Let x be r(5). Suppose 23*d + 18*d - x = 0. What are the prime factors of d?
839
Let j(n) = 7172*n**3 - n**2 + 2*n - 1. Let k be j(1). Let y(x) = -x**3 - 16*x**2 - 64*x - 30. Let r be y(-10). What are the prime factors of (-4)/r + k/55?
2, 5, 13
Let q = 95 + -65. Suppose -28*t = -32*t - 5*x + 33, 26 = 3*t + 4*x. List the prime factors of 1785/q - (-1)/t.
2, 3, 5
Let a be (1/2)/((-6)/(-48)). Suppose -4*z = a*h - 16, z = -2*z + 5*h + 4. Suppose 356 = p + z*p. What are the prime factors of p?
89
Let d be 27/(-12)*((-44)/12 - -1). Suppose -o + 5 = v, -o - d = -4*v + 4. What are the prime factors of o?
2
Suppose -7*x + 10*x + 4*m - 2 = 0, -5*x = 5*m - 5. Suppose -j + 1527 = 3*t + j, -x*j = 0. List the prime factors of t.
509
Let z(j) = -2*j**2 + 9*j + 116. Let r be z(10). Let h = 23 - 13. Suppose r*q + 140 = h*q. List the prime factors of q.
5, 7
Let f(c) = 0*c**2 + 2*c**2 + 2*c**2 - 5. Let m(v) = -290*v - 874. Let n be m(-3). List the prime factors of f(n).
59
Let o(q) = 21*q + 11. Let r be o(-8). Let d(g) = g**3 - 12*g**2 - 21*g + 13. Let m be d(12). Let a = r - m. What are the prime factors of a?
2, 41
Let u be (-3)/(-1) + (6 - 7). Let m be 62/93 - u/3. Suppose 0*a = 3*a - 2*x - 55, m = x - 4. List the prime factors of a.
3, 7
Let d(b) = -b. Let h(c) = -133*c + 174. Let o(v) = -6*d(v) - h(v). List the prime factors of o(6).
2, 3, 5, 11
Let x be 4 + (-2)/(-4)*(14 - -48). Suppose -x*q = -33*q - 250. Suppose 5*r - q - 165 = 0. List the prime factors of r.
2, 29
Suppose -g + 8214 = 3*c - 10480, 5*c - 31156 = -2*g. List the prime factors of c.
2, 19, 41
Suppose -66*p + 470619 + 829313 = -981886. What are the prime factors of p?
7, 11, 449
What are the prime factors of 5/5*(-9)/(27/(-11076))?
2, 13, 71
Let x = -15692 - -30928. What are the prime factors of x?
2, 13, 293
Let w(s) = -s**3 + 40*s**2 - 41*s + 83. Let l be w(39). List the prime factors of -5*(-8)/100 - (-3343)/l.
3, 223
Let p = 31381 - 12696. Suppose 30*n = -p + 54055. List the prime factors of n.
3, 131
Let y(h) = h**3 + h**2 + h + 18. Suppose 0 = -c + 10*c - 0*c. Let j be y(c). Suppose -16*q + j*q = 320. List the prime factors of q.
2, 5
Let x = 3474 - -4173. List the prime factors of x.
3, 2549
Suppose -2*x + b + 14527 - 3133 = 0, 2*b = -x + 5702. List the prime factors of x.
2, 7, 11, 37
Let l(h) = -h**2 + 3. Let s be l(2). Let k(y) = -869*y**3 + y**2 + 7*y + 6. What are the prime factors of k(s)?
11, 79
Let a(g) = 4287*g**2 + 14*g + 3. What are the prime factors of a(1)?
2, 269
Suppose 1180131 = -41*l + 54*l + 255571. What are the prime factors of l?
2, 5, 7, 127
Suppose 0 = -2*m + 24 + 60. Let k = 0 + 4. Suppose -k*h - m = -278. List the prime factors of h.
59
Suppose i - 2*u = u + 83, 0 = -5*i + 4*u + 393. Let y(d) = d**2 + 78*d - 769. Let m be y(9). Suppose -m - i = -r. What are the prime factors of r?
7, 13
Let a(t) = 10 + 5*t**2 - 11*t - 5 + t**3 - 5*t**2 + 7*t**2. List the prime factors of a(4).
137
Let l = -22 - -100. Let o(h) = 5*h + 4 + 30 - 17 + l. List the prime factors of o(0).
5, 19
Suppose -2*v = -3*a + 17, -2*v - 5*a - 16 = v. Let n be -1 + -2 + 7 + (-6 - v). Suppose 0 = -n*l + 68 + 27. List the prime factors of l.
19
Suppose -3*a + 5*j + 71 = -8088, -2721 = -a + 3*j. What are the prime factors of a?
2, 3, 151
Let a(r) = -151*r + 1305. What are the prime factors of a(-50)?
5, 7, 11, 23
Suppose -12*w + 51 + 21 = 0. Suppose 2073 = w*b - b - 3*l, -1684 = -4*b - 4*l. List the prime factors of b.
3, 139
Let i(t) = 46*t - 45. Let y(w) = -w. Let m(x) = i(x) - 3*y(x). List the prime factors of m(8).
347
Suppose 22*i - 19*i + 27 = 0. Let s be 379 - (i/(-6) + (-1)/2). Let x = 551 - s. What are the prime factors of x?
173
Suppose -2*u - 76 = -2*j, -2*u + 273 = 5*j + 83. Suppose -69*d + 71*d - j = 0. What are the prime factors of d?
19
Let n(v) = -2*v**3 - 15*v**2 - 26. Let i be n(-11). Let w = i + -479. List the prime factors of w.
2, 3, 19
Suppose c + 3*c = -4, 0 = -5*v - c + 5339. Suppose -6*s + v = -432. List the prime factors of s.
2, 5
Let b = -439 + 609. List the prime factors of (45696/b)/(2/10).
2, 3, 7
Let w = 5715 - -49528. What are the prime factors of w?
55243
Suppose 5*a - 2*s - 6196 = 0, 5*a - 3*s - 768 = 5426. Suppose -p - 223 = 3*f - a, -f - 4*p + 350 = 0. What are the prime factors of f?
2, 13
Let l = -5410 + 10867. List the prime factors of l.
3, 17, 107
Let o = -63 - -134. Let z = o - 69. Suppose 453 = 5*k - 2*s - z*s, -4*k + 3*s = -363. List the prime factors of k.
3, 31
Let q(l) = 58*l**2 - 20*l + 91. List the prime factors of q(10).
3, 7, 271
Suppose 37*z - 861194 = -5*z + 4*z. List the prime factors of z.
131, 173
Let o(b) = -14*b**3 - 2*b**2 - 8*b - 6. Let j be o(-1). Suppose 0 = 5*n - j*n + 2790. What are the prime factors of n?
2, 5, 31
Let o(y) = 4*y**2 - 21*y + 12. Let t(k) = -11*k**2 + 62*k - 37. Let q(s) = 8*o(s) + 3*t(s). What are the prime factors of q(12)?
3, 19
Let g = -44 - -46. Suppose 2*h - 3*x - 172 = -0*x, x = g. What are the prime factors of h?
89
Suppose 0 = -5*o - i + 13, 5*o + 2*i - 1 = 15. Let r(s) = -30*s**3 + 87 + s**o + 29*s**3 + 0*s**2 + 53. What are the prime factors of r(0)?
2, 5, 7
List the prime factors of -46*((-234)/13 - 532 - 3/2).
23, 1103
Suppose 2*k - 42255 = 23*b, -3*k + 4*k - 21026 = -3*b. What are the prime factors of k?
13, 1619
Suppose 3*k - 4*a = 1450, -k + 3*k = 2*a + 964. Suppose 2*g = 4*l - 2984, -4*g = 4*l - 5*g - 2986. Let i = l - k. What are the prime factors of i?
269
Suppose 3*s - 21 + 9 = 0. Let t be 387/27 - s/(-6). List the prime factors of ((-12)/t)/((-4)/120).
2, 3
Let s(h) = -3794*h - 252. Let d(w) = 165*w + 11. Let r(q) = 70*d(q) + 3*s(q). What are the prime factors of r(2)?
2, 5, 7
Suppose 4*a - 5985 = -3*s + 184, 4*a + 5*s - 6159 = 0. Suppose -b - a = -3*b. List the prime factors of b.
773
Let b(t) = 5602*t + 907. What are the prime factors of b(9)?
5, 2053
Suppose 4*n - 16*j - 169404 = 0, -5*j = -114*n + 112*n + 84699. What are the prime factors of n?
17, 47, 53
Let j(w) = w**2. Let x be j(0). Suppose x = 7*m - 246 - 76. Suppose 0 = s - 24 - m. List the prime factors of s.
2, 5, 7
Let j = 24887 - 9090. What are the prime factors of j?
15797
Suppose -4*l + 3*r = -52056, -3*r - 5106 = 5*l - 70203. What are the prime factors of l?
3, 4339
Let k be -1*8/((-24)/15). Suppose -k*b + 8*b - 4*z - 796 = 0, -5*b = -z - 1338. What are the prime factors of b?
2, 67
Suppose -3*n - 45 = 3*j, 4*n - 5*j + 9 = 2*n. Let l be 4/n*(1 - 4) - -133. Let c = l + -51. List the prime factors of c.
83
Let w be 3*(-7)/35*(0 + -5). Suppose 2*f + w*y - 212 = 0, f - 3*f + 3*y = -200. List the prime factors of f.
103
Let b = 13 + -7. Let n(x) = 3*x**2 + 2*x + 35. Let w be n(b). Suppose 57*r - w = 52*r. List the prime factors of r.
31
Suppose 4 + 12 = 4*d, 4*s = -4*d + 123660. List the prime factors of s.
30911
Let w be (-23)/(230/(-400))*4/(-10). Let u(c) = -70*c + 62. List the prime factors of u(w).
2, 3, 197
Suppose -2*b - 112 = 3*y, -34